 what is 8 - -8ccb4b8?
8ccb4c3
In base 16, what is -b2e770 + -3?
-b2e773
In base 3, what is 22010120101100 + 22102?
22010120200202
In base 11, what is -1035 - 2336?
-3370
In base 5, what is 211110223 + -23?
211110200
In base 5, what is -1303442 - 12041?
-1321033
In base 16, what is 40eb903f + 4?
40eb9043
In base 15, what is 11a30 - 171?
118ae
In base 12, what is -7869 - 556?
-8203
In base 10, what is 3 - -55910651?
55910654
In base 3, what is -1 + 200011021210212201?
200011021210212200
In base 7, what is 133003115 - -44?
133003162
In base 11, what is aa7318 + 3?
aa7320
In base 9, what is 80 - 27174?
-27084
In base 16, what is -83 + -c98d?
-ca10
In base 14, what is -d0b2 + -21d?
-d2d1
In base 4, what is -2223 - -103103221131?
103103212302
In base 7, what is 4633 - -13336?
21302
In base 4, what is 12002 - -132311?
210313
In base 9, what is -1767788 + 41?
-1767747
In base 7, what is -43145364 - 3?
-43145400
In base 14, what is 1a1ba + 557c?
21758
In base 4, what is 3 - 111022200010?
-111022200001
In base 8, what is 3 - 131030531?
-131030526
In base 6, what is 1402502311 - 4?
1402502303
In base 7, what is -50026 - 2423?
-52452
In base 5, what is 32014412132 - 11?
32014412121
In base 2, what is -11 + -1010001101101100010000110?
-1010001101101100010001001
In base 15, what is -71e3a - 1d1?
-7211b
In base 14, what is 5736 + -32d16?
-2b5c0
In base 15, what is -4c + -c0d5?
-c132
In base 7, what is 2550121 + 625?
2551046
In base 7, what is -245 + -5554?
-6132
In base 15, what is 5188c + eb?
51988
In base 13, what is 134147 - -4?
13414b
In base 3, what is 12112100121 - 1021?
12112022100
In base 9, what is 536155 - 72?
536073
In base 5, what is 31043 + 1223234?
1304332
In base 13, what is -c3417 - -a4?
-c3343
In base 12, what is -1 - 824006?
-824007
In base 16, what is 3d + 1b8de?
1b91b
In base 13, what is 5 - 270922b?
-2709226
In base 15, what is -5 - -11c6918?
11c6913
In base 2, what is 111011100011010000101 + -1010?
111011100011001111011
In base 8, what is -543 - 7011566?
-7012331
In base 5, what is -1040113 - 1224?
-1041342
In base 10, what is -211 - -40232?
40021
In base 6, what is -3051 - -420054?
413003
In base 10, what is -819 - 9498?
-10317
In base 7, what is -34110666 + 256?
-34110410
In base 8, what is -340 - -363012?
362452
In base 15, what is -14a6 - -3c?
-1469
In base 3, what is -2102000211121110202 - -10?
-2102000211121110122
In base 7, what is -35 + -212204?
-212242
In base 12, what is -266 - -3654b?
362a5
In base 15, what is -3 + -ba7803?
-ba7806
In base 14, what is -5 - 32b9ac1?
-32b9ac6
In base 15, what is c20ab + 331?
c23dc
In base 4, what is 101 + -21011301?
-21011200
In base 9, what is 3 + 2078211?
2078214
In base 9, what is -3 - 584662523?
-584662526
In base 16, what is -11da1 - -bf1?
-111b0
In base 6, what is -3 - -52021421?
52021414
In base 3, what is -20021112 + -22202?
-20121021
In base 2, what is -10 - -100000011000110101100101?
100000011000110101100011
In base 9, what is 5 - -2128726?
2128732
In base 16, what is 6863 + -6e6?
617d
In base 4, what is 10330312 + -10131?
10320121
In base 14, what is -5 + -42d7012?
-42d7017
In base 3, what is -22100110 - 1112?
-22101222
In base 15, what is -371 - -112c?
cab
In base 10, what is -395432 - -79?
-395353
In base 11, what is -25 + -107954?
-107979
In base 4, what is 30 - 212022311020?
-212022310330
In base 11, what is 109 + -175338?
-17522a
In base 16, what is -1b - -19cd9?
19cbe
In base 7, what is -230424 - 14026?
-244453
In base 6, what is -5344 + 2015030?
2005242
In base 9, what is 217842 - 24?
217817
In base 11, what is 54a8 - -a094?
14591
In base 2, what is -100110011011011001101 - -100?
-100110011011011001001
In base 8, what is 1570 + -13211?
-11421
In base 6, what is -1004 - -1043230?
1042222
In base 9, what is -282 - 10711?
-11103
In base 9, what is -2177188 - 355?
-2177554
In base 6, what is 3 - 5153230320?
-5153230313
In base 2, what is 10000100111001101001010 - -101?
10000100111001101001111
In base 16, what is d21 + a9f?
17c0
In base 4, what is 213 + 203011313?
203012132
In base 11, what is -2 - 9307787?
-9307789
In base 9, what is -842 - -114733?
113781
In base 14, what is -b59 - -156?
-a03
In base 10, what is -17100 - 10925?
-28025
In base 6, what is -105102122433 + 1?
-105102122432
In base 13, what is -916886 + 194?
-9166c2
In base 5, what is 1143301 + 23433?
1222234
In base 10, what is 4 + -26493669?
-26493665
In base 13, what is 19626733 + 5?
19626738
In base 8, what is -176545 + 12?
-176533
In base 14, what is c8a9 + -d0b?
b99c
In base 9, what is 1525614 - -223?
1525837
In base 10, what is -628749 + -1?
-628750
In base 3, what is 2011202001 + 10111220?
2022020221
In base 13, what is 1bbb242 - 0?
1bbb242
In base 7, what is 1055452 + 6453?
1065235
In base 7, what is 1642001152 - -2?
1642001154
In base 15, what is 1d373 - 15?
1d35d
In base 6, what is -123555500 + 33?
-123555423
In base 7, what is 11530212354 - 5?
11530212346
In base 15, what is 1 - 44cb2aa?
-44cb2a9
In base 16, what is 8 + 9aa077?
9aa07f
In base 6, what is -1 - 1144123221?
-1144123222
In base 11, what is 7603 - -51?
7654
In base 7, what is 560 + -3620330?
-3616440
In base 11, what is -783a491 + -2?
-783a493
In base 15, what is -4 + 27e090d1?
27e090cc
In base 12, what is -3a - -717163?
717125
In base 16, what is 2 + cf12?
cf14
In base 2, what is -1101111101011 + 10101000111101?
111001010010
In base 5, what is 20230 + 1030324?
1101104
In base 7, what is 10546545 + -312?
10546233
In base 4, what is 12211320320031 - 3?
12211320320022
In base 9, what is -28271 + -306?
-28577
In base 4, what is -330120 + 102221?
-221233
In base 10, what is 255677 - 350?
255327
In base 16, what is 42f41 - -2ca?
4320b
In base 11, what is -627a + 13907?
8638
In base 6, what is -335 - -111000?
110221
In base 10, what is -2665 - -2328?
-337
In base 9, what is -268150 + 44?
-268105
In base 12, what is 2 + 531800?
531802
In base 8, what is 3 + -5617117?
-5617114
In base 2, what is 1101101100011001 + -101?
1101101100010100
In base 5, what is -1120 + -4244120?
-4300240
In base 10, what is 8 - 704693?
-704685
In base 6, what is -44510553 - 15?
-44511012
In base 11, what is 7 - 2505774?
-2505768
In base 9, what is -3 - -143777413?
143777410
In base 13, what is 9582 - -10c0?
a672
In base 11, what is -246a - 14?
-2483
In base 12, what is 3aa71723 - -3?
3aa71726
In base 2, what is 11001001000111 - 100101?
11001000100010
In base 13, what is 3 + -5414c?
-54149
In base 16, what is 3405ba - 13f?
34047b
In base 11, what is aa8466 - -38?
aa84a3
In base 4, what is 122223 - 33311032?
-33122203
In base 12, what is -3 - -855019?
855016
In base 9, what is -618 + 123231?
122512
In base 2, what is 100011011010 + -1000101000011?
-100001101001
In base 12, what is 4976a213 + -6?
4976a209
In base 7, what is 21 - -33641043?
33641064
In base 7, what is 5 - -543301132?
543301140
In base 12, what is 6 + 16a78326?
16a78330
In base 6, what is 1255303 - -1151?
1300454
In base 9, what is 31 - -163388?
163430
In base 14, what is -83814 + -6?
-8381a
In base 4, what is 2111230 + 1020?
2112310
In base 12, what is -139763 + -330?
-139a93
In base 7, what is -134526063 + 10?
-134526053
In base 6, what is 33001013044 - 0?
33001013044
In base 12, what is 967588 - 7?
967581
In base 2, what is -1110011010111011001 + 10110010?
-1110011010100100111
In base 6, what is 140 + 350510333?
350510513
In base 16, what is -1 - 1dc370?
-1dc371
In base 10, what is -24477 + 1897?
-22580
In base 9, what is -7503 + -3768?
-12372
In base 7, what is 24410 + -2166?
22211
In base 13, what is 5 + 2123222?
2123227
In base 9, what is -2 + 780845?
780843
In base 5, what is 3103424 - 4124?
3044300
In base 10, what is 3661 - 183729?
-180068
In base 14, what is 0 + -217a9a?
-217a9a
In base 2, what is 101000 + 101110100011111110?
101110100100100110
In base 8, what is -7 - -123577514?
123577505
In base 13, what is 75b - 13166?
-12708
In base 13, what is -9ba + 160ca?
15410
In base 9, what is 4 - 327146?
-327142
In base 5, what is 2 - 3220231020?
-3220231013
In base 13, what is -1aa734 + 1b?
-1aa716
In base 7, what is 5 - 141025025?
-141025020
In base 13, what is -13468 - 3253?
-166bb
In base 16, what is 47eb7 - -388?
4823f
In base 11, what is aa6 - 5640?
-4645
In base 14, what is -50b11c - 10?
-50b12c
I